mainder when 3125766 is divided by 762?
42
What is the remainder when 208319955 is divided by 509?
507
Calculate the remainder when 1308341 is divided by 1830.
1721
Calculate the remainder when 183543 is divided by 13733.
5014
What is the remainder when 14166916 is divided by 12438?
34
What is the remainder when 47362858 is divided by 6310?
6308
Calculate the remainder when 23504 is divided by 3109.
1741
What is the remainder when 8920128 is divided by 3152?
3120
What is the remainder when 874273 is divided by 52?
49
Calculate the remainder when 122470 is divided by 1003.
104
What is the remainder when 4794604 is divided by 1292?
1284
What is the remainder when 435078 is divided by 3850?
28
Calculate the remainder when 208442 is divided by 208357.
85
What is the remainder when 345402327 is divided by 1235?
1232
What is the remainder when 708870 is divided by 1799?
64
Calculate the remainder when 2201521 is divided by 1673.
1526
Calculate the remainder when 24825031 is divided by 34.
33
Calculate the remainder when 4268584 is divided by 45.
19
Calculate the remainder when 20680859 is divided by 5170206.
35
What is the remainder when 155120 is divided by 77442?
236
What is the remainder when 598362 is divided by 266?
128
Calculate the remainder when 703093 is divided by 6222.
7
Calculate the remainder when 2423159 is divided by 19231.
53
What is the remainder when 812323 is divided by 8825?
423
Calculate the remainder when 603040 is divided by 3818.
3614
What is the remainder when 2540359 is divided by 87598?
17
What is the remainder when 159964 is divided by 411?
85
What is the remainder when 33493847 is divided by 1636?
19
Calculate the remainder when 782201 is divided by 782170.
31
Calculate the remainder when 44394991 is divided by 6687.
6685
What is the remainder when 1773162 is divided by 901?
895
What is the remainder when 292816 is divided by 292560?
256
Calculate the remainder when 2634297 is divided by 1569.
1515
What is the remainder when 719406 is divided by 34257?
9
What is the remainder when 311302468 is divided by 85?
83
Calculate the remainder when 81785548 is divided by 150.
148
Calculate the remainder when 6905557 is divided by 1240.
1237
What is the remainder when 171528 is divided by 1066?
968
Calculate the remainder when 628816 is divided by 2893.
1035
Calculate the remainder when 59793545 is divided by 241103.
1
Calculate the remainder when 839446 is divided by 207.
61
What is the remainder when 1800603 is divided by 58?
51
What is the remainder when 264140 is divided by 2873?
2697
Calculate the remainder when 554536 is divided by 1536.
40
What is the remainder when 400450 is divided by 100102?
42
What is the remainder when 521702 is divided by 63?
62
What is the remainder when 771536 is divided by 5480?
4336
Calculate the remainder when 5140273 is divided by 235.
118
Calculate the remainder when 9577819 is divided by 620.
59
What is the remainder when 7046360 is divided by 57?
20
Calculate the remainder when 3356216 is divided by 1371.
8
Calculate the remainder when 92340 is divided by 3199.
2768
What is the remainder when 2038784 is divided by 6331?
202
What is the remainder when 2323235 is divided by 223?
21
Calculate the remainder when 85717 is divided by 1746.
163
What is the remainder when 4189720 is divided by 598530?
10
Calculate the remainder when 55684928 is divided by 109616.
0
Calculate the remainder when 81879 is divided by 188.
99
What is the remainder when 884259 is divided by 450?
9
Calculate the remainder when 183566 is divided by 20377.
173
What is the remainder when 17774 is divided by 5792?
398
What is the remainder when 296163 is divided by 3703?
3626
Calculate the remainder when 156696 is divided by 426.
354
Calculate the remainder when 28023 is divided by 13949.
125
What is the remainder when 190411 is divided by 31498?
1423
Calculate the remainder when 781229 is divided by 6407.
5982
Calculate the remainder when 20153 is divided by 8387.
3379
Calculate the remainder when 5950472 is divided by 5950461.
11
Calculate the remainder when 19972722 is divided by 6657570.
12
What is the remainder when 82611928 is divided by 1926?
10
Calculate the remainder when 76130 is divided by 941.
850
Calculate the remainder when 3640643 is divided by 269.
266
Calculate the remainder when 8310818 is divided by 4155404.
10
Calculate the remainder when 37707042 is divided by 12569012.
6
Calculate the remainder when 46757912 is divided by 594.
14
What is the remainder when 2179924 is divided by 1436?
76
What is the remainder when 45031909 is divided by 1052?
1049
What is the remainder when 726646 is divided by 711?
4
Calculate the remainder when 354016 is divided by 35391.
106
Calculate the remainder when 399060047 is divided by 1867.
1866
Calculate the remainder when 2415087 is divided by 4407.
51
What is the remainder when 42026 is divided by 2392?
1362
What is the remainder when 1612989 is divided by 537646?
51
What is the remainder when 51733 is divided by 49128?
2605
What is the remainder when 16563 is divided by 541?
333
What is the remainder when 651475 is divided by 6514?
75
Calculate the remainder when 4278 is divided by 4170.
108
What is the remainder when 107405037 is divided by 1203?
1197
What is the remainder when 6226214 is divided by 193?
34
Calculate the remainder when 14026855 is divided by 39.
37
What is the remainder when 62117 is divided by 62107?
10
Calculate the remainder when 233457726 is divided by 163.
161
What is the remainder when 4830572 is divided by 27?
2
Calculate the remainder when 332508 is divided by 1761.
1440
What is the remainder when 12183149 is divided by 22478?
73
What is the remainder when 2293323 is divided by 35?
18
What is the remainder when 17625342 is divided by 503581?
7
Calculate the remainder when 143576 is divided by 6901.
5556
Calculate the remainder when 114744 is divided by 4965.
549
What is the remainder when 5501792 is divided by 722?
152
Calculate the remainder when 22620 is divided by 3065.
1165
Calculate the remainder when 3385994 is divided by 294.
290
What is the remainder when 8473436 is divided by 121049?
6
What is the remainder when 6304502 is divided by 472?
470
What is the remainder when 751204 is divided by 16001?
15158
What is the remainder when 579739 is divided by 193242?
13
What is the remainder when 99584 is divided by 99050?
534
What is the remainder when 41226761 is divided by 865?
861
Calculate the remainder when 1992816 is divided by 78.
72
Calculate the remainder when 4243690 is divided by 5.
0
Calculate the remainder when 429485 is divided by 143076.
257
Calculate the remainder when 110747 is divided by 697.
621
Calculate the remainder when 8943217 is divided by 1180.
1177
Calculate the remainder when 20322 is divided by 3356.
186
What is the remainder when 618725 is divided by 206235?
20
Calculate the remainder when 37710053 is divided by 207.
35
Calculate the remainder when 1225587 is divided by 333.
147
Calculate the remainder when 37184 is divided by 504.
392
Calculate the remainder when 25763 is divided by 52.
23
What is the remainder when 1483353 is divided by 4075?
53
What is the remainder when 102162 is divided by 3286?
296
Calculate the remainder when 2753689 is divided by 550736.
9
Calculate the remainder when 8114427 is divided by 18.
9
What is the remainder when 38865443 is divided by 113?
110
What is the remainder when 3562420 is divided by 1781159?
102
Calculate the remainder when 23015316 is divided by 7671765.
21
Calculate the remainder when 21190483 is divided by 3119.
3116
What is the remainder when 93865897 is divided by 46932947?
3
What is the remainder when 351384 is divided by 117068?
180
Calculate the remainder when 975019 is divided by 21196.
3
Calculate the remainder when 41754962 is divided by 147544.
10
Calculate the remainder when 40400 is divided by 37305.
3095
Calculate the remainder when 262149 is divided by 253920.
8229
What is the remainder when 62576243 is divided by 1735?
1733
Calculate the remainder when 23824522 is divided by 875.
22
Calculate the remainder when 2471974 is divided by 164798.
4
Calculate the remainder when 21803 is divided by 10420.
963
Calculate the remainder when 12989931 is divided by 20